{"id":686,"date":"2024-02-27T07:51:16","date_gmt":"2024-02-27T07:51:16","guid":{"rendered":"https:\/\/sportano.it\/blog\/?page_id=686"},"modified":"2025-04-02T11:11:35","modified_gmt":"2025-04-02T11:11:35","slug":"termini-e-condizioni-di-utilizzo-del-servizio-blog-di-sportano-it","status":"publish","type":"page","link":"https:\/\/sportano.it\/blog\/termini-e-condizioni-di-utilizzo-del-servizio-blog-di-sportano-it\/","title":{"rendered":"TERMINI E CONDIZIONI DI UTILIZZO DEL SERVIZIO BLOG DI SPORTANO.IT"},"content":{"rendered":"\n<p class=\"has-text-align-center\"><strong>I.<\/strong><strong>\u202f\u202f\u202f\u202f\u202f\u202f\u202f\u202f\u202f\u202f DISPOSIZIONI GENERALI<\/strong><\/p>\n\n\n\n<p>1. Il Regolamento descrive i principi di fornitura del servizio Blog (di seguito denominato &#8220;Blog&#8221;) nell&#8217;ambito del servizio Internet disponibile sotto il dominio www.sportano.it (di seguito denominato &#8220;Regolamento Blog&#8221;) da parte di SPORTANO.COM sp\u00f3\u0142ka z ograniczon\u0105 odpowiedzialno\u015bci\u0105 con sede legale a Zielona G\u00f3ra (ul. Wroc\u0142awska 17B\/15, 65-427 Zielona G\u00f3ra), iscritta nel Registro degli Imprenditori, tenuto dal Tribunale Distrettuale di Zielona G\u00f3ra, 8a Divisione Commerciale &#8211; Registro Nazionale dei Tribunali, con KRS n. 0000896178, NIP 9731077223, REGON 388722422, BDO 000550240, capitale sociale 25 325 950,00 PLN, indirizzo web: www.sportano.pl, indirizzo e-mail: info@sportano.it, numero di telefono: +39 06 84\u00a0009 644 (pagamento come per una connessione standard &#8211; secondo il listino prezzi del relativo operatore) (di seguito: &#8220;SPORTANO &#8220;).<\/p>\n\n\n\n<p><strong>[definizione del Venditore aggiornata a causa della modifica della societ\u00e0 del Venditore (nome) e della modifica del capitale sociale a partire dal 28.11.22].<\/strong><\/p>\n\n\n\n<p>2. I termini in maiuscolo non definiti nei Termini e Condizioni del Blog avranno il significato loro attribuito nei Termini e Condizioni del Blog, se non diversamente indicato nei Termini e Condizioni del Blog.<\/p>\n\n\n\n<p>3. Qualsiasi persona fisica o giuridica che utilizzi il Blog (di seguito: &#8220;Utente&#8221;) \u00e8 tenuta a leggere il Regolamento del Blog prima di utilizzare il Blog.<\/p>\n\n\n\n<p>4. il Regolamento del Blog \u00e8 reso disponibile gratuitamente in forma elettronica nel footer della homepage del sito web di SPORTANO all&#8217;indirizzo: <a href=\"https:\/\/sportano.it\/blog\/termini-e-condizioni-di-utilizzo-del-servizio-blog-di-sportano-it\/\" target=\"_blank\" rel=\"noreferrer noopener\">https:\/\/sportano.it\/blog\/condizioni\/ <\/a>e in forma cartacea presso la sede di SPORTANO.<\/p>\n\n\n\n<p class=\"has-text-align-center\"><strong>II.<\/strong><strong>\u202f\u202f\u202f\u202f\u202f\u202f\u202f\u202f\u202f SERVIZIO BLOG<\/strong><\/p>\n\n\n\n<p>1. Tramite il servizio Blog, SPORTANO fornir\u00e0 il servizio di messa a disposizione di contenuti con un periodo limitato di validit\u00e0 o utilit\u00e0, presentati dalla voce pi\u00f9 recente (ultima pubblicazione) alla voce pi\u00f9 vecchia, in particolare di carattere di attualit\u00e0. SPORTANO ha il diritto di modificare in qualsiasi momento i contenuti pubblicati sul servizio Blog, compresi i cambiamenti di tutte o parte delle informazioni presentate su questo servizio, la sostituzione dei download e il ritiro parziale o totale dei contenuti pubblicati.<\/p>\n\n\n\n<p>2. L&#8217;inizio dell&#8217;utilizzo del Blog (conclusione dell&#8217;accordo sulla fornitura del Blog) avviene dopo il corretto avvio del servizio che consiste nella visualizzazione dell&#8217;url corretto &#8211; https:\/\/sportano.it\/blog\/, in particolare inserendo il seguente indirizzo nella barra degli indirizzi del browser Internet: https:\/\/sportano.it\/blog\/.\u202fAd ogni Utente, al momento dell&#8217;accesso al sito https:\/\/sportano.it\/blog\/, viene mostrato un messaggio nella parte inferiore dello schermo con informazioni relative all&#8217;accettazione dei Termini e Condizioni del Blog e informazioni sul trattamento dei cookie.\u202fL&#8217;utilizzo del Blog equivale all&#8217;accettazione del Regolamento del Blog.<\/p>\n\n\n\n<p>3. Il Blog viene fornito gratuitamente per un periodo di tempo indeterminato.<\/p>\n\n\n\n<p>4. In particolare, l&#8217;Utente \u00e8 tenuto a:<\/p>\n\n\n\n<p>a) utilizzare il Blog in modo conforme alle disposizioni di legge applicabili e non lesivo dei diritti di terzi, in conformit\u00e0 alle disposizioni del Regolamento del servizio Blog, nonch\u00e9 alle consuetudini e alle regole di convivenza sociale accettate in materia;<\/p>\n\n\n\n<p>b) fornire a SPORTANO solo dati veritieri, aggiornati e tutti i dati necessari;<\/p>\n\n\n\n<p>c) aggiornare tempestivamente i dati forniti a SPORTANO in relazione alla conclusione del contratto di servizio Blog, qualora la fornitura dei dati sia necessaria per l&#8217;utilizzo del servizio;<\/p>\n\n\n\n<p>d) non fornire o trasmettere, nell&#8217;ambito del servizio Blog, contenuti vietati dalle leggi vigenti, in particolare contenuti che violino i diritti d&#8217;autore di terzi o i loro diritti personali.<\/p>\n\n\n\n<p>5. L&#8217;utilizzo del Blog, compresa la conclusione di un accordo per la fornitura del servizio Blog, richiede che il dispositivo terminale e il sistema ICT dell&#8217;Utente soddisfino i seguenti requisiti tecnici minimi, ovvero: disporre di un computer o di un altro dispositivo connesso a Internet con una risoluzione minima dello schermo di 1280 x 720 pixel, dotato di almeno uno dei seguenti browser web: Chrome versione 94 e successive, Internet Explorer versione 11 e successive, Firefox versione 93 e successive, Edge versione 94 e successive, Safari versione 14 e successive, Opera versione 80 e successive, che supporti Java Script e consenta il salvataggio dei cookie.<\/p>\n\n\n\n<p>6. L&#8217;utilizzo del Blog come servizio elettronico \u00e8 associato ai rischi tipici della trasmissione di dati su Internet, quali la diffusione dei dati dell&#8217;Utente, l&#8217;accesso agli stessi da parte di persone non autorizzate o la loro perdita. SPORTANO e gli Utenti sono tenuti ad adottare misure per ridurre al minimo tali rischi.<\/p>\n\n\n\n<p class=\"has-text-align-center\"><strong>III.<\/strong><strong>\u202f\u202f\u202f\u202f\u202f\u202f\u202f\u202f TRATTAMENTO DEI DATI PERSONALI<\/strong><\/p>\n\n\n\n<p>1. I dati personali dell&#8217;Utente sono trattati da SPORTANO in qualit\u00e0 di titolare del trattamento dei dati personali. Il conferimento dei dati personali da parte dell&#8217;Utente \u00e8 volontario, ma necessario per l&#8217;utilizzo del Blog. Il mancato conferimento dei dati personali richiesti e necessari per il tipo di servizio del Blog pu\u00f2 comportare l&#8217;impossibilit\u00e0 di usufruire di alcuni servizi offerti da SPORTANO sul Blog.<\/p>\n\n\n\n<p>2. Informazioni dettagliate sulla protezione dei dati personali sono contenute nella <a href=\"https:\/\/sportano.it\/politica-della-privacy-e-dei-cookie\">Politica della privacy e dei cookie<\/a>.<\/p>\n\n\n\n<p class=\"has-text-align-center\"><strong>IV.<\/strong><strong>\u202f\u202f\u202f\u202f\u202f\u202f\u202f <\/strong><strong>\u202fPROPRIET<\/strong><strong>\u00c0 INTELLETTUALE<\/strong><\/p>\n\n\n\n<p>1. I diritti su tutti gli elementi, comprese le opere come definite dalla Legge sul diritto d&#8217;autore e sui diritti connessi del 4 febbraio 1994, messi a disposizione da SPORTANO o dai suoi partner, in particolare i diritti d&#8217;autore, spettano a SPORTANO o alle entit\u00e0 con cui SPORTANO ha stipulato i relativi accordi.<\/p>\n\n\n\n<p>2. L&#8217;Utente ha il diritto di utilizzare gratuitamente i suddetti contenuti esclusivamente nell&#8217;ambito del proprio uso personale ed esclusivamente ai fini di un corretto utilizzo del Blog, senza limitazioni territoriali. L&#8217;utilizzo dei suddetti contenuti in qualsiasi altra misura \u00e8 consentito solo sulla base di un esplicito consenso preventivo, concesso per iscritto da un ente autorizzato, a pena di nullit\u00e0.<\/p>\n\n\n\n<p class=\"has-text-align-center\"><strong>V.<\/strong><strong>\u202f\u202f\u202f\u202f\u202f\u202f\u202f\u202f\u202f RECLAMI<\/strong><\/p>\n\n\n\n<p>1. L&#8217;Utente pu\u00f2 segnalare irregolarit\u00e0 relative al servizio del Blog sotto forma di reclami. I reclami possono essere inoltrati, ad esempio, via e-mail al seguente indirizzo di posta elettronica: info@sportano.it.<\/p>\n\n\n\n<p>2. I reclami vengono presi in considerazione da SPORTANO senza indugio, al pi\u00f9 tardi entro 14 giorni dalla loro presentazione.<\/p>\n\n\n\n<p>3. Al fine di accelerare il trattamento del reclamo, si raccomanda di fornire il nome e i dati di contatto della persona che presenta il reclamo, nonch\u00e9 una descrizione delle ragioni che giustificano il reclamo.<\/p>\n\n\n\n<p>4. N\u00e9 SPORTANO n\u00e9 i suoi dipendenti, rappresentanti autorizzati e avvocati saranno responsabili nei confronti dell&#8217;Utente non consumatore, dei suoi subappaltatori, dipendenti, rappresentanti autorizzati e\/o avvocati per qualsiasi danno, compresa la perdita di profitti, a meno che il danno sia stato causato da loro intenzionalmente. Qualora venga stabilita la responsabilit\u00e0 di SPORTANO, dei suoi dipendenti, rappresentanti autorizzati e\/o agenti, tale responsabilit\u00e0 nei confronti dell&#8217;Utente non Consumatore, indipendentemente dalla sua base giuridica, sar\u00e0 limitata &#8211; sia nell&#8217;ambito di una singola richiesta di risarcimento che per tutte le richieste in aggregato &#8211; all&#8217;importo di 500 PLN.<\/p>\n\n\n\n<p class=\"has-text-align-center\"><strong>VI.<\/strong><strong>\u202f\u202f\u202f\u202f\u202f\u202f\u202f RISOLUZIONE DEL CONTRATTO E MODIFICA DEL REGOLAMENTO DEL BLOG<\/strong><\/p>\n\n\n\n<p>1. L&#8217;Utente ha la possibilit\u00e0, in qualsiasi momento e senza fornire alcuna motivazione, di rinunciare all&#8217;utilizzo del Blog (risoluzione del contratto di servizio del Blog), in particolare chiudendo il sito web di SPORTANO su cui \u00e8 pubblicata la voce del Blog.&nbsp;<\/p>\n\n\n\n<p>2. SPORTANO pu\u00f2 rescindere l&#8217;accordo di servizio del Blog in qualsiasi momento con un preavviso di 14 giorni per i seguenti importanti motivi:<\/p>\n\n\n\n<p>a) modifica delle disposizioni legali che regolano la fornitura di servizi per via elettronica da parte di SPORTANO e che incidono sui diritti e sugli obblighi reciproci stabiliti nell&#8217;accordo di servizio del Blog, o modifica dell&#8217;interpretazione delle suddette disposizioni legali a seguito di sentenze, decisioni, raccomandazioni o indicazioni di autorit\u00e0 o organismi competenti in materia;<\/p>\n\n\n\n<p>b) modifica delle modalit\u00e0 di erogazione dei servizi per motivi tecnici o tecnologici, ad esempio aggiornamento dei requisiti tecnici indicati nel Regolamento del Blog;<\/p>\n\n\n\n<p>c) variazione dell&#8217;ambito o della fornitura dei servizi a cui si applica il Regolamento del Blog, attraverso l&#8217;introduzione di nuove funzionalit\u00e0 o servizi, la modifica o il ritiro da parte di SPORTANO di funzionalit\u00e0 o servizi esistenti coperti dal Regolamento del Blog;<\/p>\n\n\n\n<p>d) un cambiamento nell&#8217;ambito o nella fornitura di servizi da parte di entit\u00e0 che collaborano con SPORTANO attraverso l&#8217;introduzione di nuove funzionalit\u00e0 o servizi, la modifica o il ritiro da parte di tali entit\u00e0 di funzionalit\u00e0 o servizi esistenti, che incidono sui diritti e sugli obblighi reciproci tra l&#8217;Utente e SPORTANO.<\/p>\n\n\n\n<p>3. SPORTANO rende la propria dichiarazione nella misura indicata al paragrafo 2 pubblicandola sul sito web con cui viene reso disponibile il Blog: https:\/\/sportano.it\/blog\/.<\/p>\n\n\n\n<p>4. SPORTANO pu\u00f2 negare all&#8217;Utente l&#8217;ulteriore diritto di utilizzare il Blog, nonch\u00e9 risolvere l&#8217;accordo per la fornitura del Blog all&#8217;Utente con un periodo di preavviso di 7 giorni in caso di grave violazione da parte dell&#8217;Utente del punto II. paragrafo 4(a) del Regolamento del Blog.<\/p>\n\n\n\n<p>5. SPORTANO pu\u00f2 modificare il presente Regolamento del Blog per motivi importanti, vale a dire in particolare nel caso in cui si verifichi almeno uno dei motivi di cui al paragrafo 2 di cui sopra.<\/p>\n\n\n\n<p>6. In caso di modifiche al Regolamento del Blog, SPORTANO render\u00e0 disponibile il testo consolidato del Regolamento del Blog pubblicandolo all&#8217;interno del sito web di SPORTANO disponibile al dominio www.sportano.pl, che consentir\u00e0 di leggere e salvare il testo consolidato del Regolamento.<\/p>\n\n\n\n<p>7. Le modifiche al Regolamento del Blog entreranno in vigore allo scadere di 14 giorni dalla data di pubblicazione delle informazioni sulla modifica. L&#8217;Utente ha il diritto di recedere dal contratto di fornitura del Blog entro 14 giorni dalla data di notifica della modifica del Regolamento del Blog.<\/p>\n\n\n\n<p class=\"has-text-align-center\"><strong>VII.<\/strong><strong>\u202f\u202f\u202f\u202f\u202f\u202f DISPOSIZIONI FINALI<\/strong><\/p>\n\n\n\n<p>1. Il Regolamento del Blog \u00e8 in vigore dal 10.05.2022.<\/p>\n\n\n\n<p>2. Il contratto di fornitura del Blog viene stipulato in italiano.<\/p>\n\n\n\n<p>3. Il consolidamento, la sicurezza e l&#8217;accessibilit\u00e0 delle disposizioni significative del contratto stipulato per la fornitura del blog avverr\u00e0 rendendo disponibile il Regolamento del blog nel footer del sito web all&#8217;indirizzo: <a href=\"https:\/\/sportano.it\/blog\/termini-e-condizioni-di-utilizzo-del-servizio-blog-di-sportano-it\/\" target=\"_blank\" rel=\"noreferrer noopener\">https:\/\/sportano.it\/blog\/condizioni\/<\/a> in modo da poterlo scaricare, riprodurre e salvare sul dispositivo dell&#8217;Utente.<\/p>\n\n\n\n<p>4. Per le questioni non disciplinate dal Regolamento del blog, si applicano le disposizioni universalmente vincolanti del diritto polacco.<\/p>\n","protected":false},"excerpt":{"rendered":"<p>I.\u202f\u202f\u202f\u202f\u202f\u202f\u202f\u202f\u202f\u202f DISPOSIZIONI GENERALI 1. Il Regolamento descrive i principi di fornitura del servizio Blog (di seguito denominato &#8220;Blog&#8221;) nell&#8217;ambito del servizio Internet disponibile sotto il dominio www.sportano.it (di seguito denominato &#8220;Regolamento Blog&#8221;) da parte di SPORTANO.COM sp\u00f3\u0142ka z ograniczon\u0105 odpowiedzialno\u015bci\u0105 con sede legale a Zielona G\u00f3ra (ul. Wroc\u0142awska 17B\/15, 65-427 Zielona G\u00f3ra), iscritta nel Registro [&hellip;]<\/p>\n","protected":false},"author":7,"featured_media":0,"parent":0,"menu_order":0,"comment_status":"closed","ping_status":"closed","template":"","meta":{"_acf_changed":false,"footnotes":""},"class_list":["post-686","page","type-page","status-publish","hentry"],"acf":[],"yoast_head":"<!-- This site is optimized with the Yoast SEO plugin v27.1.1 - https:\/\/yoast.com\/product\/yoast-seo-wordpress\/ -->\n<title>TERMINI E CONDIZIONI DI UTILIZZO DEL SERVIZIO BLOG DI SPORTANO.IT - sportano.it<\/title>\n<meta name=\"robots\" content=\"noindex, follow, max-snippet:-1, max-image-preview:large, max-video-preview:-1\" \/>\n<meta property=\"og:locale\" content=\"it_IT\" \/>\n<meta property=\"og:type\" content=\"article\" \/>\n<meta property=\"og:title\" content=\"TERMINI E CONDIZIONI DI UTILIZZO DEL SERVIZIO BLOG DI SPORTANO.IT - sportano.it\" \/>\n<meta property=\"og:description\" content=\"I.\u202f\u202f\u202f\u202f\u202f\u202f\u202f\u202f\u202f\u202f DISPOSIZIONI GENERALI 1. Il Regolamento descrive i principi di fornitura del servizio Blog (di seguito denominato &#8220;Blog&#8221;) nell&#8217;ambito del servizio Internet disponibile sotto il dominio www.sportano.it (di seguito denominato &#8220;Regolamento Blog&#8221;) da parte di SPORTANO.COM sp\u00f3\u0142ka z ograniczon\u0105 odpowiedzialno\u015bci\u0105 con sede legale a Zielona G\u00f3ra (ul. Wroc\u0142awska 17B\/15, 65-427 Zielona G\u00f3ra), iscritta nel Registro [&hellip;]\" \/>\n<meta property=\"og:url\" content=\"https:\/\/sportano.it\/blog\/termini-e-condizioni-di-utilizzo-del-servizio-blog-di-sportano-it\/\" \/>\n<meta property=\"og:site_name\" content=\"sportano.it\" \/>\n<meta property=\"article:modified_time\" content=\"2025-04-02T11:11:35+00:00\" \/>\n<meta name=\"twitter:card\" content=\"summary_large_image\" \/>\n<meta name=\"twitter:label1\" content=\"Tempo di lettura stimato\" \/>\n\t<meta name=\"twitter:data1\" content=\"9 minuti\" \/>\n<!-- \/ Yoast SEO plugin. -->","yoast_head_json":{"title":"TERMINI E CONDIZIONI DI UTILIZZO DEL SERVIZIO BLOG DI SPORTANO.IT - sportano.it","robots":{"index":"noindex","follow":"follow","max-snippet":"max-snippet:-1","max-image-preview":"max-image-preview:large","max-video-preview":"max-video-preview:-1"},"og_locale":"it_IT","og_type":"article","og_title":"TERMINI E CONDIZIONI DI UTILIZZO DEL SERVIZIO BLOG DI SPORTANO.IT - sportano.it","og_description":"I.\u202f\u202f\u202f\u202f\u202f\u202f\u202f\u202f\u202f\u202f DISPOSIZIONI GENERALI 1. Il Regolamento descrive i principi di fornitura del servizio Blog (di seguito denominato &#8220;Blog&#8221;) nell&#8217;ambito del servizio Internet disponibile sotto il dominio www.sportano.it (di seguito denominato &#8220;Regolamento Blog&#8221;) da parte di SPORTANO.COM sp\u00f3\u0142ka z ograniczon\u0105 odpowiedzialno\u015bci\u0105 con sede legale a Zielona G\u00f3ra (ul. Wroc\u0142awska 17B\/15, 65-427 Zielona G\u00f3ra), iscritta nel Registro [&hellip;]","og_url":"https:\/\/sportano.it\/blog\/termini-e-condizioni-di-utilizzo-del-servizio-blog-di-sportano-it\/","og_site_name":"sportano.it","article_modified_time":"2025-04-02T11:11:35+00:00","twitter_card":"summary_large_image","twitter_misc":{"Tempo di lettura stimato":"9 minuti"},"schema":{"@context":"https:\/\/schema.org","@graph":[{"@type":"WebPage","@id":"https:\/\/sportano.it\/blog\/termini-e-condizioni-di-utilizzo-del-servizio-blog-di-sportano-it\/","url":"https:\/\/sportano.it\/blog\/termini-e-condizioni-di-utilizzo-del-servizio-blog-di-sportano-it\/","name":"TERMINI E CONDIZIONI DI UTILIZZO DEL SERVIZIO BLOG DI SPORTANO.IT - sportano.it","isPartOf":{"@id":"https:\/\/sportano.it\/blog\/#website"},"datePublished":"2024-02-27T07:51:16+00:00","dateModified":"2025-04-02T11:11:35+00:00","breadcrumb":{"@id":"https:\/\/sportano.it\/blog\/termini-e-condizioni-di-utilizzo-del-servizio-blog-di-sportano-it\/#breadcrumb"},"inLanguage":"it-IT","potentialAction":[{"@type":"ReadAction","target":["https:\/\/sportano.it\/blog\/termini-e-condizioni-di-utilizzo-del-servizio-blog-di-sportano-it\/"]}]},{"@type":"BreadcrumbList","@id":"https:\/\/sportano.it\/blog\/termini-e-condizioni-di-utilizzo-del-servizio-blog-di-sportano-it\/#breadcrumb","itemListElement":[{"@type":"ListItem","position":1,"name":"Home","item":"https:\/\/sportano.it\/blog\/"},{"@type":"ListItem","position":2,"name":"TERMINI E CONDIZIONI DI UTILIZZO DEL SERVIZIO BLOG DI SPORTANO.IT"}]},{"@type":"WebSite","@id":"https:\/\/sportano.it\/blog\/#website","url":"https:\/\/sportano.it\/blog\/","name":"sportano.it","description":"Negozio di sport online","potentialAction":[{"@type":"SearchAction","target":{"@type":"EntryPoint","urlTemplate":"https:\/\/sportano.it\/blog\/?s={search_term_string}"},"query-input":{"@type":"PropertyValueSpecification","valueRequired":true,"valueName":"search_term_string"}}],"inLanguage":"it-IT"}]}},"_links":{"self":[{"href":"https:\/\/sportano.it\/blog\/wp-json\/wp\/v2\/pages\/686","targetHints":{"allow":["GET"]}}],"collection":[{"href":"https:\/\/sportano.it\/blog\/wp-json\/wp\/v2\/pages"}],"about":[{"href":"https:\/\/sportano.it\/blog\/wp-json\/wp\/v2\/types\/page"}],"author":[{"embeddable":true,"href":"https:\/\/sportano.it\/blog\/wp-json\/wp\/v2\/users\/7"}],"replies":[{"embeddable":true,"href":"https:\/\/sportano.it\/blog\/wp-json\/wp\/v2\/comments?post=686"}],"version-history":[{"count":4,"href":"https:\/\/sportano.it\/blog\/wp-json\/wp\/v2\/pages\/686\/revisions"}],"predecessor-version":[{"id":1575,"href":"https:\/\/sportano.it\/blog\/wp-json\/wp\/v2\/pages\/686\/revisions\/1575"}],"wp:attachment":[{"href":"https:\/\/sportano.it\/blog\/wp-json\/wp\/v2\/media?parent=686"}],"curies":[{"name":"wp","href":"https:\/\/api.w.org\/{rel}","templated":true}]}}